 = v*n - 372, y - 103 = -3*n. What are the prime factors of y?
7, 13
Let t(a) = -118*a - 404. List the prime factors of t(-15).
2, 683
Let m(k) = k**2 + 2*k - 13. Let d be m(-7). What are the prime factors of 18/(-45) - 294/(-20)*d?
17, 19
Suppose -v + 9 = -s, -5 = -2*v - 3*v - 5*s. Let h be 58/(v - (6 + -3)). Suppose -3*f + h = -10. List the prime factors of f.
13
Let u(w) = -462*w + 25. List the prime factors of u(-3).
17, 83
Let z = -148 - -151. List the prime factors of z.
3
Let h(b) = -b**3 + 13*b**2 - 3*b + 181. What are the prime factors of h(0)?
181
Suppose -3*o = 15, 4*o + 318 = 4*t - 3*t. List the prime factors of t.
2, 149
Suppose -1112 = -27*m + 19*m. What are the prime factors of m?
139
Suppose -1989 = -3*z - 3*y, 2*z - 101 = -4*y + 1227. List the prime factors of z.
2, 331
Let h = -88 + 82. List the prime factors of h/15 + (-1821)/(-15).
11
Let r(z) = -z**2 - 2*z + 2. Let q be r(-2). Suppose 5*j = -3*i + 2 + 717, i - 287 = -q*j. What are the prime factors of j?
2, 71
Let a(k) = 49*k**2 + 2*k - 2. Let c = 1 - 0. Suppose 5*i - 4 = c. List the prime factors of a(i).
7
What are the prime factors of 1716/(-2 + 8) - (0 - 1)?
7, 41
Let d be -2 + 68/8*-2. Let y = d - -67. What are the prime factors of y?
2, 3
Suppose -4*t + 12*l = 9*l - 5810, 4*l + 1459 = t. What are the prime factors of t?
1451
Let o = 3089 - 2129. What are the prime factors of o?
2, 3, 5
Suppose 4*s + 4*q - 16 = 0, s - 7 = 3*s + 5*q. Let d(x) = s + 6*x + 2*x - 4*x + x**2. List the prime factors of d(-4).
3
Let m(h) = 2 + 81*h - 22 + 7. List the prime factors of m(3).
2, 5, 23
Let j(u) = -u**3 - 17*u**2 + 17*u + 76. What are the prime factors of j(-18)?
2, 47
Let g be 0/2*(5 + -4). Let d be g/((-12)/(-3) + -2). Suppose -r = -3, 0 = 3*z - 3*r - d - 39. List the prime factors of z.
2
Let f = 14 + -13. Let g be (6 - 6)/(f + 0). Suppose -2*u = -g*u - 54. List the prime factors of u.
3
Let d = -2 + -4. Suppose 5*y + 3*u - 29 = 0, -2*y = -u - 3*u + 4. Let o = y - d. List the prime factors of o.
2, 5
Suppose -3*z + w - 6*w = -80, -w - 32 = -z. Let t = 31 + -1. Suppose 5*u - z = -g - g, -2*g = -5*u + t. List the prime factors of u.
2, 3
List the prime factors of 28/168 - (-36897)/18.
2, 5, 41
Suppose 2*z + 3 - 10 = -f, -10 = -3*z - f. Let h = -152 + 222. Suppose -h = -4*i - z*i. What are the prime factors of i?
2, 5
Let w = -1873 + 6345. What are the prime factors of w?
2, 13, 43
Let n(i) = 61*i + 54. What are the prime factors of n(6)?
2, 3, 5, 7
Suppose -3*i + 10 = -2. Suppose -x = -5*g - 11, 0 = x + i*g - g - 3. Let o(t) = t + 7. What are the prime factors of o(x)?
13
Suppose -46*h = -18*h - 9016. List the prime factors of h.
2, 7, 23
List the prime factors of -2 + -2 - (-382 - 0).
2, 3, 7
Suppose -3*k - 5*h + 105 = 0, k + 5*h = -k + 75. Suppose -2*a + k + 102 = 0. List the prime factors of a.
2, 3, 11
Let o be (-8)/(-40) - (-57)/15. Suppose o*j - 129 = j. Let u = 37 + j. List the prime factors of u.
2, 5
Suppose -42*w + 71 + 13 = 0. List the prime factors of w.
2
Suppose 0 = -6*i - 504 + 3822. List the prime factors of i.
7, 79
Suppose 736 = f + 3*f. Let q be 0/((4/5)/(10/(-25))). Suppose 5*o = -l + 26, 2*o + q*o + f = 5*l. List the prime factors of l.
2, 3
Suppose 0 = 5*t + 2*u - 130 - 367, -5*t = 5*u - 485. What are the prime factors of t?
101
Suppose -3*r + 282 = -3*u, -4*u = -6*u - r - 194. Suppose -4*y = -165 + 873. Let q = u - y. List the prime factors of q.
3
Let q = 41 + -7. What are the prime factors of q*((-25)/(-10))/5?
17
Let h = 86 - -1101. List the prime factors of h.
1187
Suppose -2*q + 23 = -41. Let p be 33/(-2 - (-76)/q). Let h = p + -58. What are the prime factors of h?
2, 3, 5
Let w(l) = -104*l. Let j be w(-1). Let f be (-11)/((-462)/(-12))*14 - -7. Suppose f*h = h + j. List the prime factors of h.
2, 13
Suppose 7*z - 2*n = 9*z - 1172, 0 = -n + 1. What are the prime factors of z?
3, 5, 13
Suppose o + 2*d - 60 = 31, 2*o - 182 = d. What are the prime factors of o?
7, 13
Suppose 3*g + 68 = 3*m - m, -4*m - 4*g = -156. Let q = 94 - m. What are the prime factors of q?
3, 19
Suppose 2*h + 3*r = 6*h + 188, -3*h - 4*r - 116 = 0. Let n be 11/h - 29/(-4). Suppose n + 7 = 2*t + 4*c, -3*t = 2*c - 37. What are the prime factors of t?
3, 5
List the prime factors of (-2)/(-7) + (-390)/(-7).
2, 7
Suppose m - 32 = -13. Suppose -18*v - 15 = -m*v. What are the prime factors of v?
3, 5
Let x = -19 + 10. Let n be (-192)/x + 2/(-6). Let k = n + -3. List the prime factors of k.
2, 3
Let a(f) = -f**2 - 17*f + 39. Let c be a(-19). List the prime factors of (14/(-4))/(c/(-42)).
3, 7
Let p(f) = f**2 + 5*f - 385. What are the prime factors of p(-27)?
11, 19
Suppose 3*r + 1927 - 523 = 0. What are the prime factors of (2 - (3 - (-4)/(-12)))*r?
2, 3, 13
Suppose z - 5*z = -8. Suppose z*s - 153 = -3*t, -4*t = -0*s - 4*s + 336. What are the prime factors of s?
3
Suppose 9*j - 28 = 5*j. Suppose -3*y - 4*y + j = 0. What are the prime factors of 1*(3 + 50)*y?
53
Let d = -145 - -103. What are the prime factors of (3 - d) + 0/(-2)?
3, 5
List the prime factors of (-9 - -7 - -5) + 1079.
2, 541
Suppose 5*z - 13 = -2*o, -3*o + 10 = -0*o - 2*z. Suppose -106 = -u + 4*t, -t - o*t = -5*u + 470. What are the prime factors of u?
2, 3, 5
Let g be ((-2)/(-6))/((-6)/(-126)). Suppose g*n - 4*n = -12. List the prime factors of (n/6)/(3/(-126)).
2, 7
Suppose 0 = -0*a + 3*a + 1386. Let b = -272 - a. List the prime factors of b.
2, 5, 19
Let z = 42 + -22. Let j be 5*-1 + 17 + -25. Let o = j + z. What are the prime factors of o?
7
Suppose -82*r - 10272 = -90*r. What are the prime factors of r?
2, 3, 107
List the prime factors of -1*(-6)/(-5)*4350/(-45).
2, 29
Let t = -107 - -157. Let o = t + -5. Suppose 4*z - o - 35 = 0. List the prime factors of z.
2, 5
Let i be 4 + -4 - -1 - -4. List the prime factors of 139 + (-1 - (-3 + i)).
2, 17
Let i = 256 - -70. List the prime factors of i.
2, 163
Let m(b) = 5*b**2 - b + 6. Let p(n) = n**2 - 1. Let x(i) = m(i) - p(i). List the prime factors of x(5).
2, 3, 17
Suppose 2*v - 4*y - 26 = 0, -2*y - 27 = -4*v + v. Let z = v - -2. Let j(s) = s + 19. What are the prime factors of j(z)?
2, 7
Let j(q) = -3*q - 5. Let l be 9/(1/(-3 + 2)). What are the prime factors of j(l)?
2, 11
Let t(o) = -o**3 - 3*o - 1. Suppose 56 = 4*h - 4*s, -3*h + 1 + 37 = -s. Suppose -2*m - m = g + 12, 0 = 4*g + h. What are the prime factors of t(m)?
5, 7
Let j = -37 + 39. Suppose -5*v + 3*v + 11 = l, -3*l + 29 = j*v. What are the prime factors of l?
3
Let q be 3/2*(-70)/(-21). Suppose -3*t = -2*t + 2*i + 7, -i = q*t - 10. Suppose 5*s + 44 = 4*m + s, -t*s + 30 = 4*m. List the prime factors of m.
3
Suppose 3*h = -h + 8. Suppose 0*w - h*w = -62. What are the prime factors of w?
31
Let w(n) = -276*n - 101. What are the prime factors of w(-5)?
1279
List the prime factors of (2233/(-33))/((12/261)/(-4)).
7, 29
Suppose -4*u + 3*l + 512 = 0, l + 0*l = 2*u - 258. Suppose w - 96 = u. What are the prime factors of w?
227
Let u(h) = 5*h**3 - 3*h**2 + h + 7. What are the prime factors of u(2)?
37
Suppose -53 = 3*n - 8. Let s be (4/6)/((-2)/n). Suppose 0 = 4*q + 4*d - 196 - 8, -4*q + s*d + 168 = 0. List the prime factors of q.
47
Let k be (2/3)/((-2)/(-12)). Suppose 0*t - 128 = k*t. List the prime factors of (t/(-2))/(17/34).
2
Let n = 1 - 2. Let r(x) = -4*x**3 - x**2 - x. What are the prime factors of r(n)?
2
Let m = 151 + -30. What are the prime factors of m?
11
Let t(i) = 41*i. Suppose -15*z - 8 = -16*z. Let f be (1/2)/(4/z). What are the prime factors of t(f)?
41
Let c(i) = -i**3 - 9*i**2 - 7*i + 7. Let h be c(-8). What are the prime factors of h/6 - (-8226)/108?
2, 19
Let p(q) = -7*q - 11. Suppose 4*j - 3*w + 40 = 0, -w - 10 = j - 4*w. Let g = 5 + j. What are the prime factors of p(g)?
2, 3
Let i(s) = -1. Let y(u) = 7*u - 18. Let v(q) = -4*i(q) - y(q). List the prime factors of v(-6).
2
Suppose -j - 8 = -4*u, 3*j - 4 = -6*u + 4*u. Suppose j = -3*q + 51 + 120. List the prime factors of q.
3, 19
Suppose 8*n - 5*d - 32 = 4*n, -3*n - 4*d - 7 = 0. Suppose -i = -n, -q - 2*i = -5*q + 318. What are the prime factors of q?
3
Let k(g) = -g**2 - 8*g. Let l(i) = -i**3 - 12*i**2 + i + 10. Let f be l(-12). Let w be f*(75/(-6))/(-5). List the prime factors of k(w).
3, 5
Suppose c - 4*f = 590, 14*f - 13*f = -2. What are the pri